{"id":39,"date":"2025-01-07T16:09:06","date_gmt":"2025-01-07T15:09:06","guid":{"rendered":"https:\/\/si.scheruebel.at\/?page_id=39"},"modified":"2025-05-21T14:38:22","modified_gmt":"2025-05-21T12:38:22","slug":"gewerbekunden","status":"publish","type":"page","link":"https:\/\/si.scheruebel.at\/?page_id=39","title":{"rendered":"Gewerbekunden"},"content":{"rendered":"\t\t<div data-elementor-type=\"wp-page\" data-elementor-id=\"39\" class=\"elementor elementor-39\" data-elementor-post-type=\"page\">\n\t\t\t\t<div class=\"elementor-element elementor-element-e6257a4 e-flex e-con-boxed e-con e-parent\" data-id=\"e6257a4\" data-element_type=\"container\" data-e-type=\"container\" data-settings=\"{&quot;jet_parallax_layout_list&quot;:[]}\">\n\t\t\t\t\t<div class=\"e-con-inner\">\n\t\t<div class=\"elementor-element elementor-element-ff6b828 e-con-full e-flex elementor-invisible e-con e-child\" data-id=\"ff6b828\" data-element_type=\"container\" data-e-type=\"container\" data-settings=\"{&quot;background_background&quot;:&quot;classic&quot;,&quot;position&quot;:&quot;absolute&quot;,&quot;animation&quot;:&quot;fadeInRight&quot;,&quot;jet_parallax_layout_list&quot;:[]}\">\n\t\t\t\t<div class=\"elementor-element elementor-element-fcca2f4 elementor-widget elementor-widget-image\" data-id=\"fcca2f4\" data-element_type=\"widget\" data-e-type=\"widget\" data-widget_type=\"image.default\">\n\t\t\t\t<div class=\"elementor-widget-container\">\n\t\t\t\t\t\t\t\t\t\t\t\t\t\t\t<img fetchpriority=\"high\" decoding=\"async\" width=\"334\" height=\"203\" src=\"https:\/\/si.scheruebel.at\/wp-content\/uploads\/2025\/01\/scheruebel_logo_landingpage.png\" class=\"attachment-full size-full wp-image-228\" alt=\"\" srcset=\"https:\/\/si.scheruebel.at\/wp-content\/uploads\/2025\/01\/scheruebel_logo_landingpage.png 334w, https:\/\/si.scheruebel.at\/wp-content\/uploads\/2025\/01\/scheruebel_logo_landingpage-300x182.png 300w\" sizes=\"(max-width: 334px) 100vw, 334px\" \/>\t\t\t\t\t\t\t\t\t\t\t\t\t\t\t<\/div>\n\t\t\t\t<\/div>\n\t\t\t\t<div class=\"elementor-element elementor-element-a670d7f elementor-widget elementor-widget-heading\" data-id=\"a670d7f\" data-element_type=\"widget\" data-e-type=\"widget\" data-widget_type=\"heading.default\">\n\t\t\t\t<div class=\"elementor-widget-container\">\n\t\t\t\t\t<h4 class=\"elementor-heading-title elementor-size-default\">Trofaiach | Wien<\/h4>\t\t\t\t<\/div>\n\t\t\t\t<\/div>\n\t\t\t\t<\/div>\n\t\t\t\t\t<\/div>\n\t\t\t\t<\/div>\n\t\t<div class=\"elementor-element elementor-element-274e6c9 e-flex e-con-boxed e-con e-parent\" data-id=\"274e6c9\" data-element_type=\"container\" data-e-type=\"container\" data-settings=\"{&quot;jet_parallax_layout_list&quot;:[]}\">\n\t\t\t\t\t<div class=\"e-con-inner\">\n\t\t<div class=\"elementor-element elementor-element-b0a4ba0 e-con-full e-flex e-con e-child\" data-id=\"b0a4ba0\" data-element_type=\"container\" data-e-type=\"container\" data-settings=\"{&quot;jet_parallax_layout_list&quot;:[]}\">\n\t\t\t\t<div class=\"elementor-element elementor-element-c12cff1 elementor-widget elementor-widget-image\" data-id=\"c12cff1\" data-element_type=\"widget\" data-e-type=\"widget\" data-widget_type=\"image.default\">\n\t\t\t\t<div class=\"elementor-widget-container\">\n\t\t\t\t\t\t\t\t\t\t\t\t\t\t\t<img decoding=\"async\" width=\"1000\" height=\"750\" src=\"https:\/\/si.scheruebel.at\/wp-content\/uploads\/2025\/05\/scheruebel_gewerbekunde_oben.webp\" class=\"attachment-full size-full wp-image-1778\" alt=\"\" srcset=\"https:\/\/si.scheruebel.at\/wp-content\/uploads\/2025\/05\/scheruebel_gewerbekunde_oben.webp 1000w, https:\/\/si.scheruebel.at\/wp-content\/uploads\/2025\/05\/scheruebel_gewerbekunde_oben-300x225.webp 300w, https:\/\/si.scheruebel.at\/wp-content\/uploads\/2025\/05\/scheruebel_gewerbekunde_oben-768x576.webp 768w\" sizes=\"(max-width: 1000px) 100vw, 1000px\" \/>\t\t\t\t\t\t\t\t\t\t\t\t\t\t\t<\/div>\n\t\t\t\t<\/div>\n\t\t\t\t<\/div>\n\t\t<div class=\"elementor-element elementor-element-0cfb717 e-con-full e-flex e-con e-child\" data-id=\"0cfb717\" data-element_type=\"container\" data-e-type=\"container\" data-settings=\"{&quot;jet_parallax_layout_list&quot;:[]}\">\n\t\t<div class=\"elementor-element elementor-element-a7df5b9 e-con-full e-flex e-con e-child\" data-id=\"a7df5b9\" data-element_type=\"container\" data-e-type=\"container\" data-settings=\"{&quot;jet_parallax_layout_list&quot;:[]}\">\n\t\t<div class=\"elementor-element elementor-element-d19762d e-con-full e-flex e-con e-child\" data-id=\"d19762d\" data-element_type=\"container\" data-e-type=\"container\" data-settings=\"{&quot;jet_parallax_layout_list&quot;:[]}\">\n\t\t\t\t<div class=\"elementor-element elementor-element-fc3bc95 elementor-widget__width-initial elementor-widget elementor-widget-heading\" data-id=\"fc3bc95\" data-element_type=\"widget\" data-e-type=\"widget\" data-widget_type=\"heading.default\">\n\t\t\t\t<div class=\"elementor-widget-container\">\n\t\t\t\t\t<h3 class=\"elementor-heading-title elementor-size-default\">40%<\/h3>\t\t\t\t<\/div>\n\t\t\t\t<\/div>\n\t\t\t\t<\/div>\n\t\t<div class=\"elementor-element elementor-element-c0f20ee e-con-full e-flex e-con e-child\" data-id=\"c0f20ee\" data-element_type=\"container\" data-e-type=\"container\" data-settings=\"{&quot;jet_parallax_layout_list&quot;:[]}\">\n\t\t\t\t<div class=\"elementor-element elementor-element-96bf24a elementor-widget elementor-widget-heading\" data-id=\"96bf24a\" data-element_type=\"widget\" data-e-type=\"widget\" data-widget_type=\"heading.default\">\n\t\t\t\t<div class=\"elementor-widget-container\">\n\t\t\t\t\t<h5 class=\"elementor-heading-title elementor-size-default\">Grossprojekte<\/h5>\t\t\t\t<\/div>\n\t\t\t\t<\/div>\n\t\t\t\t<\/div>\n\t\t\t\t<\/div>\n\t\t<div class=\"elementor-element elementor-element-3ee98a5 e-con-full e-flex e-con e-child\" data-id=\"3ee98a5\" data-element_type=\"container\" data-e-type=\"container\" data-settings=\"{&quot;jet_parallax_layout_list&quot;:[]}\">\n\t\t<div class=\"elementor-element elementor-element-d4415b9 e-con-full e-flex e-con e-child\" data-id=\"d4415b9\" data-element_type=\"container\" data-e-type=\"container\" data-settings=\"{&quot;jet_parallax_layout_list&quot;:[]}\">\n\t\t\t\t<div class=\"elementor-element elementor-element-bf86730 elementor-widget__width-initial elementor-widget elementor-widget-heading\" data-id=\"bf86730\" data-element_type=\"widget\" data-e-type=\"widget\" data-widget_type=\"heading.default\">\n\t\t\t\t<div class=\"elementor-widget-container\">\n\t\t\t\t\t<h3 class=\"elementor-heading-title elementor-size-default\">60%<\/h3>\t\t\t\t<\/div>\n\t\t\t\t<\/div>\n\t\t\t\t<\/div>\n\t\t<div class=\"elementor-element elementor-element-9bb3ee8 e-con-full e-flex e-con e-child\" data-id=\"9bb3ee8\" data-element_type=\"container\" data-e-type=\"container\" data-settings=\"{&quot;jet_parallax_layout_list&quot;:[]}\">\n\t\t\t\t<div class=\"elementor-element elementor-element-51c3bfb elementor-widget elementor-widget-heading\" data-id=\"51c3bfb\" data-element_type=\"widget\" data-e-type=\"widget\" data-widget_type=\"heading.default\">\n\t\t\t\t<div class=\"elementor-widget-container\">\n\t\t\t\t\t<h5 class=\"elementor-heading-title elementor-size-default\">Industrie <br> \nGenossenschaften  <br> \nGemeinden\/Private<\/h5>\t\t\t\t<\/div>\n\t\t\t\t<\/div>\n\t\t\t\t<\/div>\n\t\t\t\t<\/div>\n\t\t\t\t<\/div>\n\t\t\t\t\t<\/div>\n\t\t\t\t<\/div>\n\t\t<div class=\"elementor-element elementor-element-bac5c42 e-flex e-con-boxed e-con e-parent\" data-id=\"bac5c42\" data-element_type=\"container\" data-e-type=\"container\" data-settings=\"{&quot;jet_parallax_layout_list&quot;:[]}\">\n\t\t\t\t\t<div class=\"e-con-inner\">\n\t\t<div class=\"elementor-element elementor-element-6b5f0f3 e-con-full e-flex e-con e-child\" data-id=\"6b5f0f3\" data-element_type=\"container\" data-e-type=\"container\" data-settings=\"{&quot;jet_parallax_layout_list&quot;:[]}\">\n\t\t\t\t<div class=\"elementor-element elementor-element-060ecfa elementor-widget__width-auto elementor-invisible elementor-widget elementor-widget-heading\" data-id=\"060ecfa\" data-element_type=\"widget\" data-e-type=\"widget\" data-settings=\"{&quot;_animation&quot;:&quot;fadeInLeft&quot;}\" data-widget_type=\"heading.default\">\n\t\t\t\t<div class=\"elementor-widget-container\">\n\t\t\t\t\t<h2 class=\"elementor-heading-title elementor-size-default\">Gewerbekunden<\/h2>\t\t\t\t<\/div>\n\t\t\t\t<\/div>\n\t\t\t\t<\/div>\n\t\t\t\t<div class=\"elementor-element elementor-element-b335b57 elementor-widget elementor-widget-text-editor\" data-id=\"b335b57\" data-element_type=\"widget\" data-e-type=\"widget\" data-widget_type=\"text-editor.default\">\n\t\t\t\t<div class=\"elementor-widget-container\">\n\t\t\t\t\t\t\t\t\t<p>F\u00fcr Industrieunternehmen, Wohnungsbaugenossenschaften, KMU&#8217;s und Gemeinden<\/p>\t\t\t\t\t\t\t\t<\/div>\n\t\t\t\t<\/div>\n\t\t\t\t<div class=\"elementor-element elementor-element-84f4bd3 elementor-widget-divider--view-line elementor-widget elementor-widget-divider\" data-id=\"84f4bd3\" data-element_type=\"widget\" data-e-type=\"widget\" data-widget_type=\"divider.default\">\n\t\t\t\t<div class=\"elementor-widget-container\">\n\t\t\t\t\t\t\t<div class=\"elementor-divider\">\n\t\t\t<span class=\"elementor-divider-separator\">\n\t\t\t\t\t\t<\/span>\n\t\t<\/div>\n\t\t\t\t\t\t<\/div>\n\t\t\t\t<\/div>\n\t\t\t\t\t<\/div>\n\t\t\t\t<\/div>\n\t\t<div class=\"elementor-element elementor-element-17821d6 e-flex e-con-boxed e-con e-parent\" data-id=\"17821d6\" data-element_type=\"container\" data-e-type=\"container\" data-settings=\"{&quot;background_background&quot;:&quot;classic&quot;,&quot;jet_parallax_layout_list&quot;:[]}\">\n\t\t\t\t\t<div class=\"e-con-inner\">\n\t\t<div class=\"elementor-element elementor-element-415fe40 e-con-full e-flex e-con e-child\" data-id=\"415fe40\" data-element_type=\"container\" data-e-type=\"container\" data-settings=\"{&quot;jet_parallax_layout_list&quot;:[]}\">\n\t\t\t\t<div class=\"elementor-element elementor-element-0afe40b elementor-widget elementor-widget-image\" data-id=\"0afe40b\" data-element_type=\"widget\" data-e-type=\"widget\" data-widget_type=\"image.default\">\n\t\t\t\t<div class=\"elementor-widget-container\">\n\t\t\t\t\t\t\t\t\t\t\t\t\t\t\t<img decoding=\"async\" width=\"473\" height=\"628\" src=\"https:\/\/si.scheruebel.at\/wp-content\/uploads\/2025\/05\/scheruebel_gewerbekunden_unten.webp\" class=\"attachment-full size-full wp-image-1774\" alt=\"\" srcset=\"https:\/\/si.scheruebel.at\/wp-content\/uploads\/2025\/05\/scheruebel_gewerbekunden_unten.webp 473w, https:\/\/si.scheruebel.at\/wp-content\/uploads\/2025\/05\/scheruebel_gewerbekunden_unten-226x300.webp 226w\" sizes=\"(max-width: 473px) 100vw, 473px\" \/>\t\t\t\t\t\t\t\t\t\t\t\t\t\t\t<\/div>\n\t\t\t\t<\/div>\n\t\t\t\t<\/div>\n\t\t<div class=\"elementor-element elementor-element-49adbe0 e-con-full e-flex e-con e-child\" data-id=\"49adbe0\" data-element_type=\"container\" data-e-type=\"container\" data-settings=\"{&quot;jet_parallax_layout_list&quot;:[]}\">\n\t\t<div class=\"elementor-element elementor-element-3a7504f e-con-full e-flex e-con e-child\" data-id=\"3a7504f\" data-element_type=\"container\" data-e-type=\"container\" data-settings=\"{&quot;jet_parallax_layout_list&quot;:[]}\">\n\t\t\t\t<div class=\"elementor-element elementor-element-6bfcc23 elementor-widget__width-auto elementor-invisible elementor-widget elementor-widget-heading\" data-id=\"6bfcc23\" data-element_type=\"widget\" data-e-type=\"widget\" data-settings=\"{&quot;_animation&quot;:&quot;fadeInRight&quot;}\" data-widget_type=\"heading.default\">\n\t\t\t\t<div class=\"elementor-widget-container\">\n\t\t\t\t\t<h2 class=\"elementor-heading-title elementor-size-default\">GEWERBEKUNDEN \u2013 IHR PARTNER F\u00dcR PROFESSIONELLE GEB\u00c4UDETECHNIK<\/h2>\t\t\t\t<\/div>\n\t\t\t\t<\/div>\n\t\t\t\t<\/div>\n\t\t\t\t<div class=\"elementor-element elementor-element-95816b8 elementor-invisible elementor-widget elementor-widget-heading\" data-id=\"95816b8\" data-element_type=\"widget\" data-e-type=\"widget\" data-settings=\"{&quot;_animation&quot;:&quot;fadeInRight&quot;}\" data-widget_type=\"heading.default\">\n\t\t\t\t<div class=\"elementor-widget-container\">\n\t\t\t\t\t<h3 class=\"elementor-heading-title elementor-size-default\">Effizienz, Qualit\u00e4t und Innovation f\u00fcr Ihr Unternehmen<\/h3>\t\t\t\t<\/div>\n\t\t\t\t<\/div>\n\t\t\t\t<div class=\"elementor-element elementor-element-352b179 elementor-widget elementor-widget-text-editor\" data-id=\"352b179\" data-element_type=\"widget\" data-e-type=\"widget\" data-widget_type=\"text-editor.default\">\n\t\t\t\t<div class=\"elementor-widget-container\">\n\t\t\t\t\t\t\t\t\tScher\u00fcbel bietet ma\u00dfgeschneiderte L\u00f6sungen f\u00fcr Gewerbe und Industrie, die h\u00f6chsten technologischen und \u00f6konomischen Anforderungen gerecht werden. Unser Anspruch ist es, effiziente, zukunftssichere und nachhaltige Geb\u00e4udetechnik bereitzustellen, die exakt auf die Bed\u00fcrfnisse unserer Gesch\u00e4ftskunden zugeschnitten ist.\t\t\t\t\t\t\t\t<\/div>\n\t\t\t\t<\/div>\n\t\t\t\t<div class=\"elementor-element elementor-element-b2d725e elementor-widget elementor-widget-text-editor\" data-id=\"b2d725e\" data-element_type=\"widget\" data-e-type=\"widget\" data-widget_type=\"text-editor.default\">\n\t\t\t\t<div class=\"elementor-widget-container\">\n\t\t\t\t\t\t\t\t\tDurch unsere strukturierte, prozessorientierte Arbeitsweise gew\u00e4hrleisten wir h\u00f6chste Qualit\u00e4t und termingerechte Umsetzung \u2013 von der Planung \u00fcber die Installation bis hin zur Wartung und Modernisierung. Unsere L\u00f6sungen sind auf maximale Energieeffizienz und Nachhaltigkeit ausgelegt, um den steigenden Anforderungen an gr\u00fcne Geb\u00e4udetechnik gerecht zu werden.\t\t\t\t\t\t\t\t<\/div>\n\t\t\t\t<\/div>\n\t\t\t\t<div class=\"elementor-element elementor-element-f8e86b5 elementor-widget elementor-widget-text-editor\" data-id=\"f8e86b5\" data-element_type=\"widget\" data-e-type=\"widget\" data-widget_type=\"text-editor.default\">\n\t\t\t\t<div class=\"elementor-widget-container\">\n\t\t\t\t\t\t\t\t\tScher\u00fcbel steht f\u00fcr h\u00f6chste Zuverl\u00e4ssigkeit, modernste Technik und nachhaltige Effizienz \u2013 der perfekte Partner f\u00fcr Ihr Unternehmen.\t\t\t\t\t\t\t\t<\/div>\n\t\t\t\t<\/div>\n\t\t\t\t<\/div>\n\t\t\t\t\t<\/div>\n\t\t\t\t<\/div>\n\t\t<div class=\"elementor-element elementor-element-d6c052a e-flex e-con-boxed e-con e-parent\" data-id=\"d6c052a\" data-element_type=\"container\" data-e-type=\"container\" data-settings=\"{&quot;jet_parallax_layout_list&quot;:[]}\">\n\t\t\t\t\t<div class=\"e-con-inner\">\n\t\t<div class=\"elementor-element elementor-element-7c6d14c e-con-full e-flex e-con e-child\" data-id=\"7c6d14c\" data-element_type=\"container\" data-e-type=\"container\" data-settings=\"{&quot;jet_parallax_layout_list&quot;:[]}\">\n\t\t\t\t<div class=\"elementor-element elementor-element-7b3cdda elementor-widget__width-auto elementor-invisible elementor-widget elementor-widget-heading\" data-id=\"7b3cdda\" data-element_type=\"widget\" data-e-type=\"widget\" data-settings=\"{&quot;_animation&quot;:&quot;fadeInLeft&quot;}\" data-widget_type=\"heading.default\">\n\t\t\t\t<div class=\"elementor-widget-container\">\n\t\t\t\t\t<h2 class=\"elementor-heading-title elementor-size-default\">Unsere Leistungen<\/h2>\t\t\t\t<\/div>\n\t\t\t\t<\/div>\n\t\t\t\t<\/div>\n\t\t\t\t<div class=\"elementor-element elementor-element-6c61b0d elementor-widget-divider--view-line elementor-widget elementor-widget-divider\" data-id=\"6c61b0d\" data-element_type=\"widget\" data-e-type=\"widget\" data-widget_type=\"divider.default\">\n\t\t\t\t<div class=\"elementor-widget-container\">\n\t\t\t\t\t\t\t<div class=\"elementor-divider\">\n\t\t\t<span class=\"elementor-divider-separator\">\n\t\t\t\t\t\t<\/span>\n\t\t<\/div>\n\t\t\t\t\t\t<\/div>\n\t\t\t\t<\/div>\n\t\t\t\t\t<\/div>\n\t\t\t\t<\/div>\n\t\t<div class=\"elementor-element elementor-element-11621ce e-flex e-con-boxed e-con e-parent\" data-id=\"11621ce\" data-element_type=\"container\" data-e-type=\"container\" data-settings=\"{&quot;jet_parallax_layout_list&quot;:[]}\">\n\t\t\t\t\t<div class=\"e-con-inner\">\n\t\t<div class=\"elementor-element elementor-element-1a7f62e e-con-full e-flex e-con e-child\" data-id=\"1a7f62e\" data-element_type=\"container\" data-e-type=\"container\" data-settings=\"{&quot;jet_parallax_layout_list&quot;:[]}\">\n\t\t<div class=\"elementor-element elementor-element-415e3ca e-con-full e-flex e-con e-child\" data-id=\"415e3ca\" data-element_type=\"container\" data-e-type=\"container\" data-settings=\"{&quot;jet_parallax_layout_list&quot;:[]}\">\n\t\t\t\t<div class=\"elementor-element elementor-element-824c906 elementor-widget elementor-widget-image\" data-id=\"824c906\" data-element_type=\"widget\" data-e-type=\"widget\" data-widget_type=\"image.default\">\n\t\t\t\t<div class=\"elementor-widget-container\">\n\t\t\t\t\t\t\t\t\t\t\t\t\t\t\t<img loading=\"lazy\" decoding=\"async\" width=\"100\" height=\"100\" src=\"https:\/\/si.scheruebel.at\/wp-content\/uploads\/2025\/01\/scheruebel_icon_bad.png\" class=\"attachment-full size-full wp-image-204\" alt=\"\" \/>\t\t\t\t\t\t\t\t\t\t\t\t\t\t\t<\/div>\n\t\t\t\t<\/div>\n\t\t\t\t<div class=\"elementor-element elementor-element-ae7ed57 elementor-invisible elementor-widget elementor-widget-heading\" data-id=\"ae7ed57\" data-element_type=\"widget\" data-e-type=\"widget\" data-settings=\"{&quot;_animation&quot;:&quot;fadeIn&quot;}\" data-widget_type=\"heading.default\">\n\t\t\t\t<div class=\"elementor-widget-container\">\n\t\t\t\t\t<h3 class=\"elementor-heading-title elementor-size-default\">Bad<\/h3>\t\t\t\t<\/div>\n\t\t\t\t<\/div>\n\t\t\t\t<div class=\"elementor-element elementor-element-e115819 elementor-widget elementor-widget-text-editor\" data-id=\"e115819\" data-element_type=\"widget\" data-e-type=\"widget\" data-widget_type=\"text-editor.default\">\n\t\t\t\t<div class=\"elementor-widget-container\">\n\t\t\t\t\t\t\t\t\t<p>Sanit\u00e4r- und Wasseraufbereitung \u2013 Nachhaltige Systeme f\u00fcr B\u00fcrogeb\u00e4ude, Hotels, Gastronomie und Industrie<\/p>\t\t\t\t\t\t\t\t<\/div>\n\t\t\t\t<\/div>\n\t\t\t\t<\/div>\n\t\t<div class=\"elementor-element elementor-element-5c3ba92 e-con-full e-flex e-con e-child\" data-id=\"5c3ba92\" data-element_type=\"container\" data-e-type=\"container\" data-settings=\"{&quot;jet_parallax_layout_list&quot;:[]}\">\n\t\t\t\t<div class=\"elementor-element elementor-element-04d343c elementor-widget elementor-widget-image\" data-id=\"04d343c\" data-element_type=\"widget\" data-e-type=\"widget\" data-widget_type=\"image.default\">\n\t\t\t\t<div class=\"elementor-widget-container\">\n\t\t\t\t\t\t\t\t\t\t\t\t\t\t\t<img loading=\"lazy\" decoding=\"async\" width=\"100\" height=\"100\" src=\"https:\/\/si.scheruebel.at\/wp-content\/uploads\/2025\/01\/scheruebel_icon_heizung.png\" class=\"attachment-full size-full wp-image-203\" alt=\"\" \/>\t\t\t\t\t\t\t\t\t\t\t\t\t\t\t<\/div>\n\t\t\t\t<\/div>\n\t\t\t\t<div class=\"elementor-element elementor-element-2ef9e79 elementor-invisible elementor-widget elementor-widget-heading\" data-id=\"2ef9e79\" data-element_type=\"widget\" data-e-type=\"widget\" data-settings=\"{&quot;_animation&quot;:&quot;fadeIn&quot;}\" data-widget_type=\"heading.default\">\n\t\t\t\t<div class=\"elementor-widget-container\">\n\t\t\t\t\t<h3 class=\"elementor-heading-title elementor-size-default\">Heizung<\/h3>\t\t\t\t<\/div>\n\t\t\t\t<\/div>\n\t\t\t\t<div class=\"elementor-element elementor-element-39cf522 elementor-widget elementor-widget-text-editor\" data-id=\"39cf522\" data-element_type=\"widget\" data-e-type=\"widget\" data-widget_type=\"text-editor.default\">\n\t\t\t\t<div class=\"elementor-widget-container\">\n\t\t\t\t\t\t\t\t\t<p>Industrieheizsysteme &amp; Gro\u00dfanlagen \u2013 Effiziente und leistungsstarke L\u00f6sungen f\u00fcr Produktionsst\u00e4tten und Gewerbebauten<\/p>\t\t\t\t\t\t\t\t<\/div>\n\t\t\t\t<\/div>\n\t\t\t\t<\/div>\n\t\t<div class=\"elementor-element elementor-element-5326399 e-con-full e-flex e-con e-child\" data-id=\"5326399\" data-element_type=\"container\" data-e-type=\"container\" data-settings=\"{&quot;jet_parallax_layout_list&quot;:[]}\">\n\t\t\t\t<div class=\"elementor-element elementor-element-2fc646e elementor-widget elementor-widget-image\" data-id=\"2fc646e\" data-element_type=\"widget\" data-e-type=\"widget\" data-widget_type=\"image.default\">\n\t\t\t\t<div class=\"elementor-widget-container\">\n\t\t\t\t\t\t\t\t\t\t\t\t\t\t\t<img loading=\"lazy\" decoding=\"async\" width=\"100\" height=\"100\" src=\"https:\/\/si.scheruebel.at\/wp-content\/uploads\/2025\/04\/ic_gew_econcept-1.png\" class=\"attachment-full size-full wp-image-1457\" alt=\"\" \/>\t\t\t\t\t\t\t\t\t\t\t\t\t\t\t<\/div>\n\t\t\t\t<\/div>\n\t\t\t\t<div class=\"elementor-element elementor-element-f23ed58 elementor-invisible elementor-widget elementor-widget-heading\" data-id=\"f23ed58\" data-element_type=\"widget\" data-e-type=\"widget\" data-settings=\"{&quot;_animation&quot;:&quot;fadeIn&quot;}\" data-widget_type=\"heading.default\">\n\t\t\t\t<div class=\"elementor-widget-container\">\n\t\t\t\t\t<h3 class=\"elementor-heading-title elementor-size-default\">Energiekonzept<\/h3>\t\t\t\t<\/div>\n\t\t\t\t<\/div>\n\t\t\t\t<div class=\"elementor-element elementor-element-3f9d5fc elementor-widget elementor-widget-text-editor\" data-id=\"3f9d5fc\" data-element_type=\"widget\" data-e-type=\"widget\" data-widget_type=\"text-editor.default\">\n\t\t\t\t<div class=\"elementor-widget-container\">\n\t\t\t\t\t\t\t\t\t<p>K\u00e4lte- &amp; Klimatechnik \u2013 Ma\u00dfgeschneiderte K\u00fchl- und L\u00fcftungsl\u00f6sungen f\u00fcr unterschiedliche Anforderungen<\/p>\t\t\t\t\t\t\t\t<\/div>\n\t\t\t\t<\/div>\n\t\t\t\t<\/div>\n\t\t<div class=\"elementor-element elementor-element-00f57e2 e-con-full e-flex e-con e-child\" data-id=\"00f57e2\" data-element_type=\"container\" data-e-type=\"container\" data-settings=\"{&quot;jet_parallax_layout_list&quot;:[]}\">\n\t\t\t\t<div class=\"elementor-element elementor-element-d642e2c elementor-widget elementor-widget-image\" data-id=\"d642e2c\" data-element_type=\"widget\" data-e-type=\"widget\" data-widget_type=\"image.default\">\n\t\t\t\t<div class=\"elementor-widget-container\">\n\t\t\t\t\t\t\t\t\t\t\t\t\t\t\t<img loading=\"lazy\" decoding=\"async\" width=\"100\" height=\"100\" src=\"https:\/\/si.scheruebel.at\/wp-content\/uploads\/2025\/04\/ic_gew_maintanance.png\" class=\"attachment-full size-full wp-image-1456\" alt=\"\" \/>\t\t\t\t\t\t\t\t\t\t\t\t\t\t\t<\/div>\n\t\t\t\t<\/div>\n\t\t\t\t<div class=\"elementor-element elementor-element-5b02f90 elementor-invisible elementor-widget elementor-widget-heading\" data-id=\"5b02f90\" data-element_type=\"widget\" data-e-type=\"widget\" data-settings=\"{&quot;_animation&quot;:&quot;fadeIn&quot;}\" data-widget_type=\"heading.default\">\n\t\t\t\t<div class=\"elementor-widget-container\">\n\t\t\t\t\t<h3 class=\"elementor-heading-title elementor-size-default\">Service<\/h3>\t\t\t\t<\/div>\n\t\t\t\t<\/div>\n\t\t\t\t<div class=\"elementor-element elementor-element-c4d5e69 elementor-widget elementor-widget-text-editor\" data-id=\"c4d5e69\" data-element_type=\"widget\" data-e-type=\"widget\" data-widget_type=\"text-editor.default\">\n\t\t\t\t<div class=\"elementor-widget-container\">\n\t\t\t\t\t\t\t\t\t<p>Wartung &amp; Servicevertr\u00e4ge \u2013 Langfristige Partnerschaften f\u00fcr sichere und effiziente Geb\u00e4udetechnik<\/p>\t\t\t\t\t\t\t\t<\/div>\n\t\t\t\t<\/div>\n\t\t\t\t<\/div>\n\t\t\t\t<\/div>\n\t\t\t\t\t<\/div>\n\t\t\t\t<\/div>\n\t\t\t\t<\/div>\n\t\t","protected":false},"excerpt":{"rendered":"<p>Trofaiach | Wien 40% Grossprojekte 60% Industrie Genossenschaften Gemeinden\/Private Gewerbekunden F\u00fcr Industrieunternehmen, Wohnungsbaugenossenschaften, KMU&#8217;s und Gemeinden GEWERBEKUNDEN \u2013 IHR PARTNER F\u00dcR PROFESSIONELLE GEB\u00c4UDETECHNIK Effizienz, Qualit\u00e4t und Innovation f\u00fcr Ihr Unternehmen Scher\u00fcbel bietet ma\u00dfgeschneiderte L\u00f6sungen f\u00fcr Gewerbe und Industrie, die h\u00f6chsten technologischen und \u00f6konomischen Anforderungen gerecht werden. Unser Anspruch ist es, effiziente, zukunftssichere und nachhaltige Geb\u00e4udetechnik [&hellip;]<\/p>\n","protected":false},"author":1,"featured_media":0,"parent":0,"menu_order":20,"comment_status":"closed","ping_status":"closed","template":"","meta":{"footnotes":""},"class_list":["post-39","page","type-page","status-publish","hentry"],"_links":{"self":[{"href":"https:\/\/si.scheruebel.at\/index.php?rest_route=\/wp\/v2\/pages\/39","targetHints":{"allow":["GET"]}}],"collection":[{"href":"https:\/\/si.scheruebel.at\/index.php?rest_route=\/wp\/v2\/pages"}],"about":[{"href":"https:\/\/si.scheruebel.at\/index.php?rest_route=\/wp\/v2\/types\/page"}],"author":[{"embeddable":true,"href":"https:\/\/si.scheruebel.at\/index.php?rest_route=\/wp\/v2\/users\/1"}],"replies":[{"embeddable":true,"href":"https:\/\/si.scheruebel.at\/index.php?rest_route=%2Fwp%2Fv2%2Fcomments&post=39"}],"version-history":[{"count":6,"href":"https:\/\/si.scheruebel.at\/index.php?rest_route=\/wp\/v2\/pages\/39\/revisions"}],"predecessor-version":[{"id":1781,"href":"https:\/\/si.scheruebel.at\/index.php?rest_route=\/wp\/v2\/pages\/39\/revisions\/1781"}],"wp:attachment":[{"href":"https:\/\/si.scheruebel.at\/index.php?rest_route=%2Fwp%2Fv2%2Fmedia&parent=39"}],"curies":[{"name":"wp","href":"https:\/\/api.w.org\/{rel}","templated":true}]}}